mposite number?
True
Suppose 1454 + 457 = b. Suppose c - b = 2*g, 2*g = -7*c + 5*c + 3792. Is c composite?
False
Let d = 1549 - -1804. Is d a prime number?
False
Suppose 0 = 18*o - 6*o + 9912. Is -7*(-1 + o) - (-28 - -26) a prime number?
True
Is (-40)/(-32)*17974 + (-9)/(-6) a composite number?
False
Is 2347665/(-20)*(74/(-42) - (-57)/133) prime?
True
Let c be (-1)/(-3) + 52/6. Suppose 11*w + 12 = -87. Is (-14789)/w + (-2)/c a prime number?
False
Suppose o = 5*m - 6*m - 11364, -5*o - 56819 = 4*m. Let d = o + 17690. Suppose i - d = -5*y + 4*i, 0 = 2*i + 8. Is y a prime number?
False
Suppose -2*a - 4*f + 1854 - 202 = 0, -5*a - 2*f = -4162. Suppose a = 7*d - 1672. Is d a composite number?
True
Let k(p) = -2*p - 7. Let q be k(-5). Is (2526 - 0) + (-65)/(10 + q) composite?
False
Let n(c) = -7*c**2 + 12*c**3 - 9*c - 15 + 5*c**2 - 2 + 3. Let w be n(-4). Is (w/(-8))/((-18)/(-504)) composite?
True
Let p(w) = -w**3 - 14*w**2 - 10*w + 9. Suppose -4*d + 18 - 74 = 0. Is p(d) prime?
True
Suppose -8 + 29 = 7*f. Suppose 3*a - 3*z = 765, z + 425 = f*a - 332. Is a prime?
True
Suppose 0 = 46*c - 25*c - 171402. Let j = c + -1361. Is j a prime number?
False
Suppose 108638 + 25994 = 3*n - 336641. Is n a composite number?
True
Let l(w) = 2*w**3 + 12*w**2 + 4. Let p be l(-6). Suppose p*z + z = -5, -3*z = 5*v - 2182. Is v composite?
True
Let m = 18 + -5. Suppose 0 = -8*p + m*p - 25. Suppose -3*i + 248 = -t + 2*t, p*i - 414 = -t. Is i a composite number?
False
Suppose 5*l + 4*d = 11296475, 9037180 = 4*l + 217*d - 219*d. Is l composite?
True
Let p be ((-44)/55)/((-4)/1130). Let c = p - 134. Let d = c + 39. Is d composite?
False
Suppose -y - z + 39958 = -0*y, -2*y + 79917 = z. Suppose y = 17*o - 19592. Is o prime?
False
Let u(n) be the first derivative of 4 + n - 1/2*n**2 + 86/3*n**3. Is u(-2) prime?
True
Suppose -1921627 - 3104786 = 123*h - 234*h. Is h a composite number?
True
Suppose -9*n + 2*f + 43626 = -7*n, f - 65455 = -3*n. Is n a composite number?
False
Suppose -3*v = -5*f - 8016 + 1388, -3*v + 5303 = -4*f. Suppose 2*k - 3*k + 2122 = 0. Let y = f + k. Is y a prime number?
True
Suppose -39836 = -5*w - 2*q, -q = 5*w - 6*q - 39815. Suppose 13*r = 6*r + w. Is r a composite number?
True
Let k(t) = t**3 + 3*t**2 + 37*t + 14. Let z be (-130)/845 - (-171)/13. Is k(z) a prime number?
False
Is 388/(-10)*(-5565)/42 prime?
False
Let f = -1825 - -6750. Suppose l + 3*x - 1247 = 0, x = 3*l + 1144 - f. Is l a composite number?
False
Let s(u) = 25601*u**3 + 12*u**2 - 27*u - 13. Is s(3) a composite number?
False
Suppose 650*h = 640*h + 606570. Is h prime?
False
Suppose -532 + 162217 = 13*c + 32*c. Is c composite?
False
Suppose 0 = 2*c + 9*c + 33. Let n(m) = -740*m - 41. Is n(c) a prime number?
True
Let r(p) be the second derivative of p**5/20 - 2*p**4/3 + p**3/2 - 6*p**2 - 20*p. Let x be r(8). Suppose -13*c + x*c + 541 = 0. Is c composite?
False
Let f = -17081 + 25690. Is f a prime number?
True
Suppose 13*l + 3*g - 210 = 9*l, -3*g + 264 = 5*l. Suppose l*a - 56*a + 7898 = 0. Is a composite?
True
Let a = 141 - 155. Let j(x) = -104*x + 87. Is j(a) a prime number?
True
Suppose 0 = -5*n - 2*g + 30, -5*g - 27 = -5*n - 32. Let m(j) = -j**2 + 4. Let p be m(0). Suppose -n*x - p*a = -132, 101 = 3*x + 3*a + a. Is x prime?
True
Suppose -80*v + 79*v - 793116 = -5*m, -5*v + 634487 = 4*m. Is m prime?
False
Is (126/(-90))/(5 - 349076/69815) a composite number?
True
Is 1312774/38 - (-786)/2489 composite?
True
Let g(a) = 230*a**3 - 18*a**2 - 13*a - 130. Let h(m) = -154*m**3 + 12*m**2 + 9*m + 87. Let u(n) = -5*g(n) - 7*h(n). Is u(-5) prime?
True
Let r(c) = 7*c**3 - 9*c**2 + 10*c. Let d(j) = -29*j**3 + 38*j**2 - 41*j + 1. Let u(f) = 2*d(f) + 9*r(f). Is u(4) a composite number?
True
Let g be (-4 - 32/(-9)) + 28/63. Suppose g = n - 0*n - 1366. Is n a prime number?
False
Let b(h) = 3*h**3 - 21*h**2 - 31*h + 22. Let y be b(20). Suppose y = 10*t + 3*t. Is t a composite number?
True
Suppose -t = -x - 4*x - 49974, -2*x - 8 = 0. Is t prime?
False
Let r(s) = s**3 + 2*s**2 - s - 7. Let y be r(-4). Let a = y + 39. Let i(f) = 9*f**3 - f**2 - 2*f - 11. Is i(a) a composite number?
False
Let u be 60/(-40)*(-8)/(-6). Let d(g) = -1390*g - 11. Let r(h) = 2780*h + 22. Let o(p) = u*r(p) - 5*d(p). Is o(6) a prime number?
False
Suppose -2*i = p - 5*i + 13, -5*p - 29 = -3*i. Let a(o) = o**2 + 3*o - 3. Let q be a(p). Is 124 + ((-3)/3)/(q/(-3)) composite?
False
Let o = 14 + -10. Is 15/60 - (-579)/o a prime number?
False
Suppose 11*b - 12*b - 4 = 0. Let m(f) = 7*f**2 + 11*f + 6. Is m(b) a composite number?
True
Let j be (2/3)/(-2) + 37/3. Let a(y) = -y**3 + 11*y**2 + 12*y + 18. Let f be a(j). Suppose -f*r = -16*r - 442. Is r a composite number?
True
Suppose -5*i + 4*o - 76 = 0, 16 = 5*o - o. Let u be 0/i*2/2. Suppose u = 3*w + z + 3*z - 891, -3*w = 3*z - 888. Is w composite?
False
Suppose -4*s + 3*g + 305 = 0, -g = 7*s - 3*s - 309. Let v = 81 - s. Suppose 4*h = 4*d + 1188, 3*h + v*d - 859 = -d. Is h composite?
False
Let o(w) be the second derivative of 129*w**3/2 + 85*w**2/2 - 8*w + 11. Is o(6) prime?
False
Let y be (-2)/12 - (-4 + 147011/6). Is (-8)/40*4 + y/(-10) composite?
True
Suppose -235192969 = -294*q + 8721164 + 235356141. Is q prime?
False
Suppose 3*d - 8298 = 1797. Suppose 2*u + 10 = -0*u, -s + 4*u = -d. Suppose -58*z = -55*z - s. Is z composite?
True
Let f be 6/(-39) + (-84)/(-39). Suppose 3*a = 9, 0*b = -f*b - 3*a - 6635. Is b/(-3 + -2 + 3) prime?
False
Let b be (4*-3 + -1)*9098/(-2). Suppose -20*a = -b - 6343. Suppose -a = o - 3*o. Is o a prime number?
True
Let f(z) = -91*z**2 + 10*z + 2. Let s(g) = 182*g**2 - 19*g - 4. Let y(w) = 7*f(w) + 3*s(w). Let x(q) be the first derivative of y(q). Is x(-2) prime?
False
Suppose -v = -5*f + 134840, -3*f + 45140 = 3*v - 35764. Is 8/(-4) + f + 8 + -3 composite?
True
Suppose t - 2*o - 37694 = -o, 0 = -5*t + 2*o + 188461. Is t prime?
True
Let d(z) = -z + 12. Let p be d(12). Suppose p = -6*w + 55 + 41. Is (1310/(-6))/(w/(-12) - -1) a composite number?
True
Suppose 8415 = 4*o + 2271. Let v = o + -1073. Suppose c - 120 = v. Is c a composite number?
True
Suppose 1232*a - 608*a - 3368214 = 606*a. Is a a prime number?
True
Let y = 96570 - 23711. Is y prime?
True
Let p be ((-180)/(-10))/(-9) + (2 - -31). Suppose -29*c + p*c + 1651 = f, -5*f - 4*c = -8297. Is f composite?
False
Suppose 1965 = -11*z - 2248. Let b = z + 712. Is b a prime number?
False
Let z(x) = x**3 + x**2 + 2*x - 2. Let c be z(1). Is (c/4)/(-1*2/(-1588)) a prime number?
True
Suppose -7 = 3*s - 28. Suppose 4*q - 2*k + 9713 = s*q, -q + 3239 = 2*k. Suppose 10*j - 7*j - q = 0. Is j a composite number?
True
Let i = 41 + -223. Let a be 4/26 - (-199318)/i. Let o = 1838 + a. Is o composite?
False
Let h = -130 + 130. Suppose 913 = u - 2*m, -u + h*u - 5*m = -906. Is u a prime number?
True
Let c be 12/(-42) - ((-188)/(-28) + -4). Is (-3261 + 0)/(48/(-14) - c) prime?
False
Let t be 12/(-15)*(6 - 1831). Let d = -2366 + 3611. Suppose 5*v - t = d. Is v a composite number?
False
Let d(m) be the third derivative of 1/120*m**6 + 23/60*m**5 + 0 + 10*m**2 + 11/24*m**4 - 5/6*m**3 + 0*m. Is d(-22) a composite number?
True
Let k = 3201 + -1628. Let j be (-3 - -3) + 9/3. Suppose 0 = z + x - 1593, j*x + k = z - x. Is z prime?
False
Let o(t) = -4*t**3 - 15*t**2 + 4*t - 21. Let u be o(-14). Is u*(-2 + 57/9 + -4) prime?
False
Let x(q) = -254*q + 201935. Is x(0) a composite number?
True
Let h = 439 + -429. Is (0 + 1)*(h + -22 - -8431) a prime number?
True
Let p = -9922 - -21373. Is p/77 - (-1)/(-7)*-2 a prime number?
True
Let y be (-2)/10 + 66/55. Let r(j) = -169*j + 1. Let g be r(y). Is (19/4)/((-6)/g) composite?
True
Let d be ((-243892)/(-20) - 6)*5. Suppose -7*m = 6840 - d. Is m a prime number?
False
Let b = -23 + 28. Suppose 8622 = -b*r + 11*r. Is r a composite number?
True
Suppose 2*k = 38*k + 3888. Let j = k + 365. Is j composite?
False
Let a(f) = -175*f - 17. Let l(w) = 5*w**2 - 49*w + 10. Let u be l(9). Is a(u) prime?
False
Let q(m) = -7629*m + 733. Is q(-20) composite?
False
Let h = 3015 + 10132. Is h composite?
False
Let p(t) = -17*t - 26. Let f(c) be the first derivative of -5*c**2 + 5*c - 10. Let q be f(1). Is p(q) a prime number?
True
Suppose -110*g + 454*g = 440367128. Is g a composite number?
True
Let k = -101 - -149. Is 1317*4/